{"id":6792,"date":"2019-10-08T16:46:33","date_gmt":"2019-10-08T21:46:33","guid":{"rendered":"http:\/\/looferto.com\/falcon\/?post_type=product&amp;p=6760"},"modified":"2019-10-08T16:46:33","modified_gmt":"2019-10-08T21:46:33","slug":"chamarra-profesional-impermeable-ciclismo-ligera","status":"publish","type":"product","link":"https:\/\/scrub.mx\/?product=chamarra-profesional-impermeable-ciclismo-ligera","title":{"rendered":"Chamarra profesional impermeable ciclismo ligera"},"content":{"rendered":"<p>Detalles del producto:<br \/>\nCondici\u00f3n: A estrenar<br \/>\nMaterial: Tricot 100% poli\u00e9ster y TPU flexible<\/p>\n<p>caracteristicas:<br \/>\nImpermeable 100% Poli\u00e9ster Tricot &amp; Flexible TPU<br \/>\nAnti-Pilling, Anti-Shrink, Anti-Arrugas, Respirable, Comprimido, Impermeable, A prueba de viento, Bolsillos<br \/>\nUltrathin, luz estupenda, f\u00e1cil llevar y nunca se descolora<br \/>\nDureza y resistencia al envejecimiento<br \/>\nProtecci\u00f3n del medio ambiente, Reciclable<\/p>\n<p>Lavar:<br \/>\nLavar con agua fr\u00eda: 30 \u00b0<br \/>\nNo cepille, no seque<\/p>\n","protected":false},"excerpt":{"rendered":"<p>Detalles del producto: Condici\u00f3n: A estrenar Material: Tricot 100% poli\u00e9ster y TPU flexible caracteristicas: Impermeable 100% Poli\u00e9ster Tricot &amp; Flexible TPU Anti-Pilling, Anti-Shrink, Anti-Arrugas, Respirable, Comprimido, Impermeable, A prueba de viento, Bolsillos Ultrathin, luz estupenda, f\u00e1cil llevar y nunca se descolora Dureza y resistencia al envejecimiento Protecci\u00f3n del medio ambiente, Reciclable Lavar: Lavar con agua&#8230;<\/p>\n","protected":false},"featured_media":6768,"template":"","meta":{"_kad_post_transparent":"","_kad_post_title":"","_kad_post_layout":"","_kad_post_sidebar_id":"","_kad_post_content_style":"","_kad_post_vertical_padding":"","_kad_post_feature":"","_kad_post_feature_position":"","_kad_post_header":false,"_kad_post_footer":false,"_kad_post_classname":"","_joinchat":[]},"product_brand":[],"product_cat":[314,874],"product_tag":[394,403],"class_list":{"0":"post-6792","1":"product","2":"type-product","3":"status-publish","4":"has-post-thumbnail","6":"product_cat-aventura","7":"product_cat-supervivencia","8":"product_tag-chamarra","9":"product_tag-ciclismo","11":"first","12":"outofstock","13":"sale","14":"taxable","15":"shipping-taxable","16":"purchasable","17":"product-type-simple","18":"entry","19":"content-bg","20":"loop-entry"},"supplier_id":null,"supplier_sku":"","barcode":null,"atum_controlled":true,"out_stock_date":null,"out_stock_threshold":null,"inheritable":false,"inbound_stock":null,"stock_on_hold":null,"sold_today":null,"sales_last_days":null,"reserved_stock":null,"customer_returns":null,"warehouse_damage":null,"lost_in_post":null,"other_logs":null,"out_stock_days":null,"lost_sales":null,"has_location":null,"update_date":null,"atum_locations":[],"atum_stock_status":"instock","restock_status":false,"low_stock_amount":"","sales_update_date":null,"calc_backorders":null,"yoast_head":"<!-- This site is optimized with the Yoast SEO plugin v27.3 - https:\/\/yoast.com\/product\/yoast-seo-wordpress\/ -->\n<title>Chamarra profesional impermeable ciclismo ligera - Uniformes.info<\/title>\n<meta name=\"robots\" content=\"index, follow, max-snippet:-1, max-image-preview:large, max-video-preview:-1\" \/>\n<link rel=\"canonical\" href=\"https:\/\/scrub.mx\/?product=chamarra-profesional-impermeable-ciclismo-ligera\" \/>\n<meta property=\"og:locale\" content=\"es_ES\" \/>\n<meta property=\"og:type\" content=\"article\" \/>\n<meta property=\"og:title\" content=\"Chamarra profesional impermeable ciclismo ligera - Uniformes.info\" \/>\n<meta property=\"og:description\" content=\"Detalles del producto: Condici\u00f3n: A estrenar Material: Tricot 100% poli\u00e9ster y TPU flexible caracteristicas: Impermeable 100% Poli\u00e9ster Tricot &amp; Flexible TPU Anti-Pilling, Anti-Shrink, Anti-Arrugas, Respirable, Comprimido, Impermeable, A prueba de viento, Bolsillos Ultrathin, luz estupenda, f\u00e1cil llevar y nunca se descolora Dureza y resistencia al envejecimiento Protecci\u00f3n del medio ambiente, Reciclable Lavar: Lavar con agua...\" \/>\n<meta property=\"og:url\" content=\"https:\/\/scrub.mx\/?product=chamarra-profesional-impermeable-ciclismo-ligera\" \/>\n<meta property=\"og:site_name\" content=\"Uniformes.info\" \/>\n<meta name=\"twitter:card\" content=\"summary_large_image\" \/>\n<script type=\"application\/ld+json\" class=\"yoast-schema-graph\">{\"@context\":\"https:\\\/\\\/schema.org\",\"@graph\":[{\"@type\":\"WebPage\",\"@id\":\"https:\\\/\\\/scrub.mx\\\/?product=chamarra-profesional-impermeable-ciclismo-ligera\",\"url\":\"https:\\\/\\\/scrub.mx\\\/?product=chamarra-profesional-impermeable-ciclismo-ligera\",\"name\":\"Chamarra profesional impermeable ciclismo ligera - Uniformes.info\",\"isPartOf\":{\"@id\":\"https:\\\/\\\/scrub.mx\\\/#website\"},\"primaryImageOfPage\":{\"@id\":\"https:\\\/\\\/scrub.mx\\\/?product=chamarra-profesional-impermeable-ciclismo-ligera#primaryimage\"},\"image\":{\"@id\":\"https:\\\/\\\/scrub.mx\\\/?product=chamarra-profesional-impermeable-ciclismo-ligera#primaryimage\"},\"thumbnailUrl\":\"\",\"datePublished\":\"2019-10-08T21:46:33+00:00\",\"breadcrumb\":{\"@id\":\"https:\\\/\\\/scrub.mx\\\/?product=chamarra-profesional-impermeable-ciclismo-ligera#breadcrumb\"},\"inLanguage\":\"es\",\"potentialAction\":[{\"@type\":\"ReadAction\",\"target\":[\"https:\\\/\\\/scrub.mx\\\/?product=chamarra-profesional-impermeable-ciclismo-ligera\"]}]},{\"@type\":\"ImageObject\",\"inLanguage\":\"es\",\"@id\":\"https:\\\/\\\/scrub.mx\\\/?product=chamarra-profesional-impermeable-ciclismo-ligera#primaryimage\",\"url\":\"\",\"contentUrl\":\"\"},{\"@type\":\"BreadcrumbList\",\"@id\":\"https:\\\/\\\/scrub.mx\\\/?product=chamarra-profesional-impermeable-ciclismo-ligera#breadcrumb\",\"itemListElement\":[{\"@type\":\"ListItem\",\"position\":1,\"name\":\"Portada\",\"item\":\"https:\\\/\\\/scrub.mx\\\/\"},{\"@type\":\"ListItem\",\"position\":2,\"name\":\"Scrub.MX\",\"item\":\"https:\\\/\\\/scrub.mx\\\/\"},{\"@type\":\"ListItem\",\"position\":3,\"name\":\"Chamarra profesional impermeable ciclismo ligera\"}]},{\"@type\":\"WebSite\",\"@id\":\"https:\\\/\\\/scrub.mx\\\/#website\",\"url\":\"https:\\\/\\\/scrub.mx\\\/\",\"name\":\"Scrub.MX\",\"description\":\"Bodega de uniformes y accesorios.\",\"publisher\":{\"@id\":\"https:\\\/\\\/scrub.mx\\\/#organization\"},\"potentialAction\":[{\"@type\":\"SearchAction\",\"target\":{\"@type\":\"EntryPoint\",\"urlTemplate\":\"https:\\\/\\\/scrub.mx\\\/?s={search_term_string}\"},\"query-input\":{\"@type\":\"PropertyValueSpecification\",\"valueRequired\":true,\"valueName\":\"search_term_string\"}}],\"inLanguage\":\"es\"},{\"@type\":\"Organization\",\"@id\":\"https:\\\/\\\/scrub.mx\\\/#organization\",\"name\":\"Uniformes.info\",\"url\":\"https:\\\/\\\/scrub.mx\\\/\",\"logo\":{\"@type\":\"ImageObject\",\"inLanguage\":\"es\",\"@id\":\"https:\\\/\\\/scrub.mx\\\/#\\\/schema\\\/logo\\\/image\\\/\",\"url\":\"https:\\\/\\\/i0.wp.com\\\/scrub.mx\\\/wp-content\\\/uploads\\\/2026\\\/02\\\/was-velika.png?fit=156%2C29&ssl=1\",\"contentUrl\":\"https:\\\/\\\/i0.wp.com\\\/scrub.mx\\\/wp-content\\\/uploads\\\/2026\\\/02\\\/was-velika.png?fit=156%2C29&ssl=1\",\"width\":156,\"height\":29,\"caption\":\"Uniformes.info\"},\"image\":{\"@id\":\"https:\\\/\\\/scrub.mx\\\/#\\\/schema\\\/logo\\\/image\\\/\"}}]}<\/script>\n<!-- \/ Yoast SEO plugin. -->","yoast_head_json":{"title":"Chamarra profesional impermeable ciclismo ligera - Uniformes.info","robots":{"index":"index","follow":"follow","max-snippet":"max-snippet:-1","max-image-preview":"max-image-preview:large","max-video-preview":"max-video-preview:-1"},"canonical":"https:\/\/scrub.mx\/?product=chamarra-profesional-impermeable-ciclismo-ligera","og_locale":"es_ES","og_type":"article","og_title":"Chamarra profesional impermeable ciclismo ligera - Uniformes.info","og_description":"Detalles del producto: Condici\u00f3n: A estrenar Material: Tricot 100% poli\u00e9ster y TPU flexible caracteristicas: Impermeable 100% Poli\u00e9ster Tricot &amp; Flexible TPU Anti-Pilling, Anti-Shrink, Anti-Arrugas, Respirable, Comprimido, Impermeable, A prueba de viento, Bolsillos Ultrathin, luz estupenda, f\u00e1cil llevar y nunca se descolora Dureza y resistencia al envejecimiento Protecci\u00f3n del medio ambiente, Reciclable Lavar: Lavar con agua...","og_url":"https:\/\/scrub.mx\/?product=chamarra-profesional-impermeable-ciclismo-ligera","og_site_name":"Uniformes.info","twitter_card":"summary_large_image","schema":{"@context":"https:\/\/schema.org","@graph":[{"@type":"WebPage","@id":"https:\/\/scrub.mx\/?product=chamarra-profesional-impermeable-ciclismo-ligera","url":"https:\/\/scrub.mx\/?product=chamarra-profesional-impermeable-ciclismo-ligera","name":"Chamarra profesional impermeable ciclismo ligera - Uniformes.info","isPartOf":{"@id":"https:\/\/scrub.mx\/#website"},"primaryImageOfPage":{"@id":"https:\/\/scrub.mx\/?product=chamarra-profesional-impermeable-ciclismo-ligera#primaryimage"},"image":{"@id":"https:\/\/scrub.mx\/?product=chamarra-profesional-impermeable-ciclismo-ligera#primaryimage"},"thumbnailUrl":"","datePublished":"2019-10-08T21:46:33+00:00","breadcrumb":{"@id":"https:\/\/scrub.mx\/?product=chamarra-profesional-impermeable-ciclismo-ligera#breadcrumb"},"inLanguage":"es","potentialAction":[{"@type":"ReadAction","target":["https:\/\/scrub.mx\/?product=chamarra-profesional-impermeable-ciclismo-ligera"]}]},{"@type":"ImageObject","inLanguage":"es","@id":"https:\/\/scrub.mx\/?product=chamarra-profesional-impermeable-ciclismo-ligera#primaryimage","url":"","contentUrl":""},{"@type":"BreadcrumbList","@id":"https:\/\/scrub.mx\/?product=chamarra-profesional-impermeable-ciclismo-ligera#breadcrumb","itemListElement":[{"@type":"ListItem","position":1,"name":"Portada","item":"https:\/\/scrub.mx\/"},{"@type":"ListItem","position":2,"name":"Scrub.MX","item":"https:\/\/scrub.mx\/"},{"@type":"ListItem","position":3,"name":"Chamarra profesional impermeable ciclismo ligera"}]},{"@type":"WebSite","@id":"https:\/\/scrub.mx\/#website","url":"https:\/\/scrub.mx\/","name":"Scrub.MX","description":"Bodega de uniformes y accesorios.","publisher":{"@id":"https:\/\/scrub.mx\/#organization"},"potentialAction":[{"@type":"SearchAction","target":{"@type":"EntryPoint","urlTemplate":"https:\/\/scrub.mx\/?s={search_term_string}"},"query-input":{"@type":"PropertyValueSpecification","valueRequired":true,"valueName":"search_term_string"}}],"inLanguage":"es"},{"@type":"Organization","@id":"https:\/\/scrub.mx\/#organization","name":"Uniformes.info","url":"https:\/\/scrub.mx\/","logo":{"@type":"ImageObject","inLanguage":"es","@id":"https:\/\/scrub.mx\/#\/schema\/logo\/image\/","url":"https:\/\/i0.wp.com\/scrub.mx\/wp-content\/uploads\/2026\/02\/was-velika.png?fit=156%2C29&ssl=1","contentUrl":"https:\/\/i0.wp.com\/scrub.mx\/wp-content\/uploads\/2026\/02\/was-velika.png?fit=156%2C29&ssl=1","width":156,"height":29,"caption":"Uniformes.info"},"image":{"@id":"https:\/\/scrub.mx\/#\/schema\/logo\/image\/"}}]}},"jetpack_sharing_enabled":true,"jetpack-related-posts":[],"_links":{"self":[{"href":"https:\/\/scrub.mx\/index.php?rest_route=\/wp\/v2\/product\/6792","targetHints":{"allow":["GET"]}}],"collection":[{"href":"https:\/\/scrub.mx\/index.php?rest_route=\/wp\/v2\/product"}],"about":[{"href":"https:\/\/scrub.mx\/index.php?rest_route=\/wp\/v2\/types\/product"}],"wp:featuredmedia":[{"embeddable":true,"href":"https:\/\/scrub.mx\/index.php?rest_route=\/"}],"wp:attachment":[{"href":"https:\/\/scrub.mx\/index.php?rest_route=%2Fwp%2Fv2%2Fmedia&parent=6792"}],"wp:term":[{"taxonomy":"product_brand","embeddable":true,"href":"https:\/\/scrub.mx\/index.php?rest_route=%2Fwp%2Fv2%2Fproduct_brand&post=6792"},{"taxonomy":"product_cat","embeddable":true,"href":"https:\/\/scrub.mx\/index.php?rest_route=%2Fwp%2Fv2%2Fproduct_cat&post=6792"},{"taxonomy":"product_tag","embeddable":true,"href":"https:\/\/scrub.mx\/index.php?rest_route=%2Fwp%2Fv2%2Fproduct_tag&post=6792"}],"curies":[{"name":"wp","href":"https:\/\/api.w.org\/{rel}","templated":true}]}}